it of f?
6
Suppose -z = -0*z - 1. Suppose 47 = 3*n + 4*s, 2*s = 5*n - 3*n - 50. Suppose 2*l - n = -z. What is the units digit of l?
0
Suppose 0 = 5*z + 2*d - 17, -4*z + 0*d = 5*d. Suppose -3*r - 11 = -2*a, z*r + 2*a + 19 = 5*a. Let j = 7 + r. What is the units digit of j?
2
Let m(q) = q + 5*q**2 - 9 + 9. Suppose -20 = 5*w - 5*a, -4*w + 31 = 5*a + 2. What is the units digit of m(w)?
6
Suppose -5*j + 3 + 57 = 0. What is the units digit of j?
2
Let h(o) = -o + 4. Let i be h(7). What is the units digit of (i*(0 - 6))/2?
9
Let r = -279 + 414. What is the units digit of r?
5
Suppose s + 6 = -4. Let v = -6 - s. Suppose -h = v*h - 10. What is the units digit of h?
2
Suppose 113 = 5*l - 2*o, -2*l = -2*o - 3*o - 62. Suppose 4*p - 2*p + 9 = 5*k, -2*p + l = 5*k. What is the units digit of k?
3
Let s = 98 - -275. What is the tens digit of s?
7
Suppose t + 4*b - 14 = 0, 7*b = 2*t + 3*b - 88. What is the units digit of t?
4
Let q be 3/2*8/6. Suppose 0 = -q*f - 0*f + 16. What is the units digit of f?
8
Let k = -2 + 14. What is the tens digit of 435/12 - 3/k?
3
Suppose -35 = -g - 0*g. What is the units digit of g?
5
Suppose 0 = -28*r + 27*r + 3. What is the units digit of r?
3
Suppose 3*v + 348 = 6*v. What is the hundreds digit of v?
1
Suppose 4 = -3*o - 2. Let j(b) = -4*b - 2. Let n be j(o). Let f = 23 - n. What is the units digit of f?
7
Suppose 2*r = 3*r - y - 340, -5*y = -10. What is the units digit of r?
2
Let d be (-28)/(-35)*(-5)/2. What is the units digit of 1/d*(-1 + -3)?
2
Suppose -13 + 5 = -4*c. Let d = 24 - 20. Suppose -c*u - 16 = -d*s, 2*s + 2*u = u. What is the units digit of s?
2
Suppose -5*j + 355 = -5*q - 180, -8 = -2*q. What is the tens digit of j?
1
Suppose 4*g = -g - 40. Let f = 17 - g. What is the tens digit of f?
2
Suppose 3 = 2*j - 1. Let m be (-1 + j)*-3 + 2. What is the units digit of ((-20)/(-2))/(3 + m)?
5
Let g(m) = m**2 - 2*m + 4. Let v be g(3). Suppose v*w - 2*w = 55. Suppose w = 5*u - 24. What is the units digit of u?
7
Let t(l) = -l**2 - 4*l + 2. Let y be t(-3). Suppose 4*b = 4*c + 16, 2*b = 4*b - 8. What is the units digit of (0 - y)*(c - 1)?
5
Suppose -593 = -2*u - 231. What is the hundreds digit of u?
1
Let r = -4 + 7. Let v = r - -1. What is the units digit of v?
4
Let i be (0 - 12/9)*-3. Let a(n) = -2*n - n**2 + 0 + 0*n - 1 - i*n. What is the units digit of a(-5)?
4
Let f be 8/3 + 6/18. Let c = 8 - f. What is the units digit of c?
5
Let h = 120 + -74. What is the tens digit of h?
4
Suppose c - 315 = -8*c. What is the tens digit of c?
3
Suppose -4*b = b + 3*f - 171, 5*b = 5*f + 195. What is the units digit of b?
6
Let j be (72/(-20) + 3)*-5. Suppose 5*y = 20, -2 = q - 2*y + j. What is the units digit of q?
3
Suppose -n = 3*n - 92. Let y(u) = u**2 + 7*u + 2. Let q be y(-7). Suppose -6*o + 2*o + 40 = 5*a, -o + n = -q*a. What is the units digit of o?
5
Suppose 0 = -6*f + 4*f + 50. What is the tens digit of f?
2
What is the tens digit of 4*(0 + 29/4)?
2
Let i be (24 - (2 - 2)) + 0. Let w = i - 57. Let j = w - -47. What is the units digit of j?
4
Suppose 0 = 3*x + 3, 54 = 4*v + x + x. Suppose 25 = 3*w - v. What is the units digit of w?
3
Suppose 0 = -t + 5*t - 572. What is the units digit of t?
3
Suppose 3*q + 2 + 1 = 0. Suppose -3*j + 5*j = -3*f - 6, -5*f - 32 = -4*j. Let o = q + j. What is the units digit of o?
2
Suppose 2*j - 5*r = 4*j - 11, 0 = 3*j + 2*r. Let h be 3*2/(-4)*j. Suppose 2*x - 5 = -h*x. What is the units digit of x?
1
Suppose -13 - 8 = -3*i. What is the units digit of i?
7
Let w(x) = -x**2 - 4*x. Let d be w(-3). Suppose 4*o - 85 - d = 0. What is the units digit of o?
2
Let c(f) = 17*f - 4. What is the units digit of c(4)?
4
Let g(v) = v**3 + 4*v**2 - 9*v - 5. What is the hundreds digit of g(5)?
1
Let i(g) = 3*g**3 + 2*g**2 + 2*g. What is the hundreds digit of i(3)?
1
Let k(b) = -3*b + 1. Let d be k(-2). Let y = -6 + d. What is the units digit of y?
1
Let h be (1*4/2)/(-1). Let j(o) = 3*o**2 - 2. Let n be j(h). Let t = -4 + n. What is the units digit of t?
6
Suppose 5*g = -10*g + 2865. What is the units digit of g?
1
Let b be 38/8*12/3. Suppose -v + b = 3*c, c - 4*c = -6. What is the tens digit of v?
1
Suppose -12 = 2*t - 5*t. Suppose 8 = -0*r + r - 3*a, 0 = 5*r + t*a + 17. What is the units digit of (-7)/((-14)/12) + r?
5
Let f(y) = y - 8. Let z be f(7). What is the tens digit of (-37 - z)*10/(-15)?
2
Let w(z) = -z**3 - 2*z**2 + z - 4. Let o be w(-3). Suppose o*t + 5 = 67. What is the units digit of t?
1
Let n(t) = 3*t**2 + 6*t + 4. Suppose 4*z = -15 - 1. What is the tens digit of n(z)?
2
Let w(d) = d**2 + 2*d. Let r be w(-4). What is the units digit of (-16)/(-7) + r/(-28)?
2
Let i(d) = 42*d**2 - 2*d + 0 + 1 + 0 - 2. What is the tens digit of i(-1)?
4
Suppose 3*i - 4 = 17. Suppose -3*j + 20 = -5*l, 0 = l - 0*j + 2*j + 4. Let q = i + l. What is the units digit of q?
3
Suppose -4*g - 5*g = -873. What is the tens digit of g?
9
Let q(b) be the first derivative of -12*b**2 + b + 2. What is the tens digit of q(-1)?
2
Let l = 42 - 7. What is the tens digit of l?
3
Let k(t) = t**3 + 2*t**2 - t - 2. Let u be k(-2). Let m(z) = -z**3 - z. Let o be m(u). What is the units digit of o + (0 - -1) - -1?
2
Let w = 7 - 11. Let a be ((-126)/4)/(3/w). What is the units digit of 3/(a/(-15) + 3)?
5
Let i be 1*(-2)/(-3)*3. Let q(j) = 3*j**3 - i + 2*j**3 - 4*j**3 + j**2. What is the units digit of q(2)?
0
Let r(c) = 21*c + 4. Let m(p) be the second derivative of -7*p**3/6 - p**2/2 + 2*p. Let n(w) = -7*m(w) - 2*r(w). What is the units digit of n(1)?
6
Suppose 0 = 3*r - 8*r + 245. What is the tens digit of r?
4
Let a = 6 + 3. What is the units digit of a?
9
Let t(y) = -y**2 - 8*y + 2. Let w be t(-4). Let l be (-18)/(-2)*(-24)/36. Let b = w + l. What is the tens digit of b?
1
Let q(x) = -5*x + 2*x - 1 + 0*x. Let r be q(-6). Let a = r - 10. What is the units digit of a?
7
Let v(t) = t**3 + 10*t**2 + 4*t - 11. What is the units digit of v(-9)?
4
Suppose -51 = -a + 5*k + 6, -3*a + 5*k = -161. What is the tens digit of a?
5
Let s = 204 - 100. Suppose 5*b - s - 86 = 0. What is the units digit of b?
8
Suppose -a - 2*c = -4*c - 35, -a - 4*c = -41. What is the units digit of a?
7
Let v(p) = p**3 + 14*p**2 - 3*p - 21. What is the units digit of v(-14)?
1
Suppose r - 3 = -2*r. Suppose -20 = 3*m + r. Let p = m + 22. What is the units digit of p?
5
Suppose -4*l - 5 = m + 12, -2*l = 3*m + 1. Let y = 5 - m. Suppose 0 = -p + 5*u + 12, 2*p + u + y = 4. What is the units digit of p?
2
Let u(i) be the third derivative of -i**6/120 + 7*i**5/60 - i**4/6 - i**3 + i**2. Suppose 12 = -3*z + 5*z. What is the units digit of u(z)?
6
Suppose -14*g + 10 = -4. What is the units digit of g?
1
Let o(i) be the second derivative of 3*i + 0 + 2/3*i**3 - 1/2*i**2. What is the units digit of o(1)?
3
Suppose 5*i - 54 = 3*i. What is the units digit of i?
7
Let x be ((-1)/(-2) - 0)*-6. Let k(q) = q**3 + 5*q**2 + 3*q - 4. Let h be k(-3). Let s = h + x. What is the units digit of s?
2
Let a(n) = n**2 + 3*n. Let g be a(-3). Suppose 0 = -g*d + d - 2. What is the units digit of d?
2
Let h(p) = -p**2 + 5*p - 4. Let y be h(4). Suppose 0 = -4*a + 5*g + 21, y*g + 3*g = 3*a - 18. What is the units digit of a?
9
What is the tens digit of (-14)/35 + 1074/10?
0
Let x = -5 + 7. Suppose 2*w - 2*m = 26, w - x*m - 7 = -4*m. What is the units digit of w?
1
Suppose d - 13*d = -2652. What is the units digit of d?
1
Suppose 6*x - 3*x = -9. Let t be x/(-1) - -1*67. Suppose 5*q - t + 10 = 0. What is the tens digit of q?
1
Let r be (8/(-6) - -1)*-12. Suppose v = 2 + r. What is the units digit of v?
6
What is the tens digit of (-14)/(-35) - 6159/(-15)?
1
Suppose -w = -6 + 1. Let t be (0 - 12/(-10))*w. Suppose 4*s = -t + 34. What is the units digit of s?
7
What is the units digit of 2*(-9)/(-6) + (43 - 2)?
4
Let i(s) = s**3 + 4*s**2 + s + 4. Let h be i(-4). Suppose 6 = -h*v + v. What is the units digit of v?
6
Let u be 36 + (-3 - (1 - 1)). Suppose 0 = 5*f + 13 - u. What is the units digit of f?
4
Let o(n) = -n**2 + 15*n - 11. What is the units digit of o(12)?
5
Suppose -2*s - 18 = -4*w, -s - 3*s - 2*w - 26 = 0. Let z(p) = 4*p**3 - 2*p**3 + 7*p + 10 - p**3 + 8*p**2. What is the units digit of z(s)?
0
What is the hundreds digit of (2/4)/((-11)/(-5412))?
2
Let v(j) = j**2 - 6*j + 5. Let h be v(5). Su